?
24
Calculate the highest common divisor of 340 and 40.
20
Calculate the greatest common factor of 960 and 5820.
60
Calculate the highest common divisor of 69 and 897.
69
Calculate the highest common divisor of 399 and 42.
21
Calculate the greatest common factor of 1295 and 105.
35
What is the highest common divisor of 48 and 492?
12
What is the highest common factor of 23 and 368?
23
Calculate the greatest common divisor of 88 and 44.
44
What is the highest common divisor of 190 and 560?
10
What is the greatest common divisor of 54 and 960?
6
Calculate the greatest common divisor of 432 and 16.
16
What is the highest common divisor of 2990 and 650?
130
Calculate the highest common factor of 18 and 117.
9
Calculate the highest common factor of 1358 and 70.
14
Calculate the highest common divisor of 330 and 88.
22
Calculate the highest common divisor of 84 and 28.
28
What is the highest common factor of 60 and 15?
15
Calculate the highest common divisor of 17811 and 18.
9
Calculate the greatest common factor of 831 and 6.
3
What is the highest common factor of 35 and 41755?
35
What is the highest common divisor of 30 and 45?
15
Calculate the greatest common divisor of 205 and 1681.
41
What is the highest common divisor of 115 and 1?
1
Calculate the highest common divisor of 528 and 374.
22
What is the highest common divisor of 35657 and 181?
181
Calculate the highest common factor of 12 and 16.
4
Calculate the highest common divisor of 69 and 5543.
23
What is the highest common divisor of 16 and 992?
16
Calculate the greatest common divisor of 168 and 1092.
84
What is the greatest common factor of 2622 and 1081?
23
Calculate the highest common factor of 32 and 36.
4
Calculate the greatest common divisor of 130 and 13.
13
Calculate the greatest common divisor of 10 and 118.
2
What is the greatest common divisor of 900 and 750?
150
What is the highest common divisor of 88 and 187?
11
Calculate the greatest common divisor of 4 and 9868.
4
What is the highest common divisor of 4469 and 1635?
109
What is the greatest common factor of 28 and 4?
4
What is the highest common divisor of 73 and 25?
1
What is the highest common divisor of 390 and 5?
5
What is the highest common factor of 33 and 20031?
33
What is the greatest common divisor of 24 and 2082?
6
What is the highest common divisor of 1856 and 2088?
232
Calculate the greatest common divisor of 36 and 2.
2
What is the greatest common divisor of 145 and 85?
5
What is the greatest common factor of 20 and 20290?
10
Calculate the highest common factor of 295 and 26314.
59
Calculate the highest common divisor of 140 and 5320.
140
What is the highest common factor of 111 and 37?
37
Calculate the greatest common divisor of 8851 and 835.
167
What is the greatest common divisor of 224 and 2144?
32
What is the greatest common divisor of 195 and 1920?
15
What is the highest common factor of 3708 and 144?
36
Calculate the highest common divisor of 201 and 536.
67
Calculate the highest common divisor of 54 and 126.
18
What is the greatest common factor of 64 and 212?
4
What is the greatest common divisor of 341 and 22?
11
Calculate the highest common divisor of 1608 and 24.
24
Calculate the highest common factor of 2000 and 48.
16
Calculate the greatest common factor of 110 and 2695.
55
What is the highest common divisor of 76 and 1900?
76
What is the greatest common factor of 20 and 1010?
10
Calculate the greatest common divisor of 30462 and 6.
6
Calculate the greatest common divisor of 21 and 168.
21
Calculate the highest common factor of 4700 and 100.
100
What is the highest common divisor of 78 and 104?
26
Calculate the highest common factor of 4 and 96.
4
Calculate the highest common divisor of 15 and 15.
15
Calculate the greatest common divisor of 10 and 1065.
5
Calculate the highest common factor of 3632 and 80.
16
What is the highest common factor of 3312 and 1748?
92
Calculate the greatest common factor of 247 and 19.
19
Calculate the greatest common divisor of 126 and 4151.
7
Calculate the highest common divisor of 774 and 22962.
258
What is the greatest common divisor of 872 and 8?
8
What is the highest common divisor of 65 and 39?
13
Calculate the greatest common divisor of 1250 and 400.
50
Calculate the highest common factor of 9 and 72.
9
What is the highest common divisor of 666 and 1440?
18
What is the greatest common factor of 33 and 704?
11
Calculate the highest common divisor of 5226 and 78.
78
What is the highest common divisor of 11106 and 18?
18
Calculate the highest common divisor of 40 and 5640.
40
Calculate the greatest common factor of 30 and 1965.
15
Calculate the highest common factor of 19 and 7163.
19
What is the greatest common factor of 620 and 744?
124
What is the greatest common divisor of 120 and 14?
2
Calculate the greatest common factor of 8650 and 150.
50
What is the highest common divisor of 260 and 160?
20
What is the highest common factor of 136 and 34?
34
Calculate the highest common factor of 40 and 920.
40
What is the greatest common factor of 4572 and 36?
36
Calculate the greatest common divisor of 1275 and 2193.
51
Calculate the greatest common factor of 36 and 588.
12
Calculate the greatest common divisor of 12924 and 72.
36
Calculate the highest common divisor of 56 and 1064.
56
Calculate the greatest common divisor of 3708 and 36.
36
What is the highest common factor of 480 and 30?
30
What is the highest common divisor of 31 and 34379?
31
Calculate the greatest common factor of 24 and 2328.
24
What is the greatest common factor of 1617 and 735?
147
What is the highest common divisor of 3268 and 774?
86
What is the highest common divisor of 77 and 473?
11
Calculate the greatest common factor of 625 and 125.
125
Calculate the highest common divisor of 1388 and 32.
4
Calculate the highest common factor of 524 and 393.
131
What is the highest common divisor of 44 and 418?
22
What is the highest common divisor of 2 and 47?
1
Calculate the highest common factor of 192 and 24.
24
Calculate the greatest common factor of 657 and 146.
73
What is the greatest common divisor of 299 and 253?
23
What is the greatest common divisor of 700 and 1650?
50
Calculate the highest common factor of 20 and 25.
5
What is the highest common divisor of 2 and 2?
2
Calculate the greatest common factor of 135 and 105.
15
Calculate the highest common factor of 3686 and 970.
194
Calculate the highest common divisor of 108 and 3180.
12
Calculate the highest common factor of 12 and 156.
12
Calculate the greatest common divisor of 814 and 2294.
74
What is the greatest common factor of 35 and 616?
7
Calculate the highest common factor of 4205 and 30.
5
What is the greatest common factor of 8 and 4328?
8
What is the highest common factor of 6336 and 3744?
288
Calculate the greatest common factor of 29 and 3712.
29
What is the highest common divisor of 69 and 2139?
69
Calculate the greatest common divisor of 11466 and 936.
234
What is the highest common factor of 120 and 96?
24
What is the greatest common divisor of 1862 and 294?
98
Calculate the greatest common factor of 144 and 1701.
9
What is the highest common factor of 23 and 46?
23
What is the highest common divisor of 14 and 4102?
14
What is the greatest common factor of 234 and 65?
13
Calculate the highest common factor of 11043 and 54.
27
Calculate the highest common factor of 1070 and 10.
10
Calculate the highest common factor of 129 and 1118.
43
What is the greatest common divisor of 13 and 8?
1
What is the greatest common factor of 146 and 6?
2
Calculate the highest common divisor of 1864 and 16.
8
What is the highest common divisor of 1984 and 868?
124
What is the greatest common divisor of 230 and 290?
10
Calculate the greatest common divisor of 103 and 18.
1
What is the highest common factor of 7775 and 125?
25
Calculate the highest common divisor of 6292 and 156.
52
Calculate the highest common divisor of 8840 and 40.
40
Calculate the highest common factor of 1152 and 9.
9
What is the greatest common factor of 25 and 4915?
5
What is the greatest common factor of 493 and 203?
29
Calculate the greatest common factor of 825 and 30.
15
What is the greatest common factor of 6 and 1458?
6
What is the highest common factor of 68 and 1